n 18334879 is divided by 1560.
199
What is the remainder when 35431 is divided by 24962?
10469
Calculate the remainder when 892318 is divided by 29.
17
What is the remainder when 37339 is divided by 312?
211
Calculate the remainder when 7606 is divided by 3614.
378
Calculate the remainder when 496947 is divided by 82514.
1863
Calculate the remainder when 2496608 is divided by 192046.
10
What is the remainder when 72379 is divided by 10333?
48
What is the remainder when 5425066 is divided by 129168?
10
What is the remainder when 50607 is divided by 5840?
3887
What is the remainder when 1094931 is divided by 364885?
276
Calculate the remainder when 52116 is divided by 8656.
180
What is the remainder when 3747843 is divided by 52?
47
Calculate the remainder when 3004533 is divided by 13.
12
Calculate the remainder when 889881 is divided by 889522.
359
Calculate the remainder when 107146 is divided by 644.
242
Calculate the remainder when 13988 is divided by 12082.
1906
Calculate the remainder when 590177 is divided by 3207.
89
Calculate the remainder when 4564504 is divided by 80078.
58
Calculate the remainder when 513210 is divided by 205.
95
What is the remainder when 481642 is divided by 1367?
458
Calculate the remainder when 1106468 is divided by 122668.
2456
What is the remainder when 53697905 is divided by 7947?
26
Calculate the remainder when 264556174 is divided by 4810112.
14
What is the remainder when 47195815 is divided by 29?
26
What is the remainder when 761991 is divided by 10159?
66
What is the remainder when 11483662 is divided by 2296730?
12
Calculate the remainder when 675370 is divided by 3262.
136
Calculate the remainder when 380017 is divided by 47477.
201
Calculate the remainder when 4715854 is divided by 1638.
52
Calculate the remainder when 8258688 is divided by 516157.
176
What is the remainder when 21195 is divided by 2566?
667
What is the remainder when 175596485 is divided by 78?
77
Calculate the remainder when 23521595 is divided by 1928.
1923
Calculate the remainder when 70067023 is divided by 1575.
1573
Calculate the remainder when 1361638 is divided by 37.
1
Calculate the remainder when 419118 is divided by 2215.
483
What is the remainder when 517881 is divided by 1088?
1081
What is the remainder when 1138060 is divided by 27757?
23
Calculate the remainder when 618596 is divided by 5198.
34
What is the remainder when 160101 is divided by 479?
115
What is the remainder when 204420 is divided by 250?
170
What is the remainder when 89042 is divided by 548?
266
What is the remainder when 1565978 is divided by 692?
674
Calculate the remainder when 69168 is divided by 17278.
56
Calculate the remainder when 192248618 is divided by 125.
118
Calculate the remainder when 14336 is divided by 4488.
872
What is the remainder when 1734983 is divided by 91313?
36
Calculate the remainder when 85003 is divided by 82552.
2451
Calculate the remainder when 848986 is divided by 22339.
104
What is the remainder when 4536450 is divided by 5007?
108
What is the remainder when 10662199 is divided by 373?
367
What is the remainder when 3763976 is divided by 59?
12
What is the remainder when 6671070 is divided by 259?
7
Calculate the remainder when 5468622 is divided by 95.
42
Calculate the remainder when 13416641 is divided by 25.
16
Calculate the remainder when 654554 is divided by 1244.
210
What is the remainder when 50579895 is divided by 16859965?
0
What is the remainder when 7307607 is divided by 5678?
21
What is the remainder when 10744023 is divided by 2684?
2655
What is the remainder when 38696484 is divided by 3869648?
4
What is the remainder when 114119 is divided by 7?
5
What is the remainder when 444872 is divided by 71?
57
Calculate the remainder when 117337 is divided by 13000.
337
Calculate the remainder when 30943749 is divided by 512.
5
Calculate the remainder when 48308 is divided by 1788.
32
What is the remainder when 100602 is divided by 644?
138
What is the remainder when 244886 is divided by 2589?
1520
What is the remainder when 1660408 is divided by 41510?
8
Calculate the remainder when 15774683 is divided by 3154928.
43
What is the remainder when 2198480199 is divided by 28?
27
What is the remainder when 142479 is divided by 5?
4
Calculate the remainder when 1423293 is divided by 24.
21
What is the remainder when 7666 is divided by 329?
99
Calculate the remainder when 1072357 is divided by 99.
88
Calculate the remainder when 1468431 is divided by 11472.
15
What is the remainder when 1141514 is divided by 103768?
66
What is the remainder when 115961 is divided by 28382?
2433
Calculate the remainder when 1552563 is divided by 42.
33
What is the remainder when 26961 is divided by 12795?
1371
What is the remainder when 3421042 is divided by 343?
303
What is the remainder when 131004 is divided by 12821?
2794
What is the remainder when 1676095 is divided by 558692?
19
What is the remainder when 387852 is divided by 96961?
8
What is the remainder when 1070945 is divided by 43?
30
Calculate the remainder when 123988 is divided by 1335.
1168
What is the remainder when 25729228 is divided by 10?
8
What is the remainder when 2926044 is divided by 62256?
12
Calculate the remainder when 176144882 is divided by 51.
11
What is the remainder when 18217213 is divided by 44?
25
What is the remainder when 1249626 is divided by 40303?
233
What is the remainder when 6812573 is divided by 1159?
1130
What is the remainder when 38229 is divided by 38131?
98
Calculate the remainder when 8695732 is divided by 511511.
45
What is the remainder when 2162888 is divided by 1217?
279
Calculate the remainder when 70921 is divided by 5012.
753
Calculate the remainder when 11994010 is divided by 230.
200
Calculate the remainder when 33386 is divided by 15818.
1750
Calculate the remainder when 1843573 is divided by 1004.
229
Calculate the remainder when 1101915 is divided by 1855.
45
What is the remainder when 1701686 is divided by 4780?
6
Calculate the remainder when 2551162 is divided by 4196.
4190
What is the remainder when 97922 is divided by 1270?
132
Calculate the remainder when 16574357 is divided by 138.
5
Calculate the remainder when 380015 is divided by 406.
405
Calculate the remainder when 16639703 is divided by 6971.
6897
Calculate the remainder when 7525774 is divided by 446.
416
Calculate the remainder when 81888 is divided by 58.
50
What is the remainder when 490271 is divided by 301?
243
What is the remainder when 3535117 is divided by 706985?
192
What is the remainder when 178619007 is divided by 70?
7
What is the remainder when 10250 is divided by 1246?
282
What is the remainder when 78243 is divided by 772?
271
What is the remainder when 25455061 is divided by 6081?
6076
Calculate the remainder when 6980066 is divided by 25.
16
Calculate the remainder when 2328224 is divided by 332564.
276
Calculate the remainder when 80400078 is divided by 1362713.
11
Calculate the remainder when 4532624 is divided by 135.
134
What is the remainder when 91337 is divided by 1201?
61
What is the remainder when 12705654 is divided by 5617?
0
What is the remainder when 1396389 is divided by 311?
310
What is the remainder when 25143423 is divided by 1386?
1383
What is the remainder when 595637 is divided by 211?
195
Calculate the remainder when 89811402 is divided by 21.
9
What is the remainder when 16001015 is divided by 3010?
2865
Calculate the remainder when 2698688 is divided by 1018.
988
Calculate the remainder when 23670082 is divided by 99.
73
Calculate the remainder when 239633 is divided by 2755.
2703
Calculate the remainder when 387115 is divided by 115.
25
What is the remainder when 89460 is divided by 584?
108
Calculate the remainder when 66489037 is divided by 33244517.
3
What is the remainder when 5915012 is divided by 487?
397
What is the remainder when 292996 is divided by 73219?
120
What is the remainder when 7093393 is divided by 365?
348
What is the remainder when 31246 is divided by 10371?
133
Calculate the remainder when 25201743 is divided by 12600864.
15
Calculate the remainder when 562676 is divided by 60.
56
Calculate the remainder when 177147 is divided by 90.
27
What is the remainder when 501165 is divided by 23863?
42
Wh